9*c. What is the hundreds digit of c?
2
Let s be (-15)/6*40/(-25). Suppose s*k + 1593 = 13*k. What is the hundreds digit of k?
1
Suppose -5*f - 5*l = -55, -15 + 66 = 5*f + l. Suppose 3*j + 39 = 4*j - o, -93 = -2*j + 5*o. Let x = j - f. What is the tens digit of x?
2
Suppose -5*d + 3*p + 2925 = 2*p, 5*p - 2311 = -4*d. What is the units digit of d?
4
Suppose 0 = -w - 2*r + 3 + 2, r = 3*w - 29. Let l = -13 + w. What is the tens digit of ((-15)/9)/(l/48)?
2
Let f(n) be the second derivative of n**4/12 + 16*n**2 + 10*n. What is the units digit of f(13)?
1
Suppose 0 = -5*k - 4*x + 63 + 19, -3*k + x + 39 = 0. Let f = k - 9. What is the units digit of f?
5
Let r = -214 + 116. Let n = -45 - r. Suppose 7 = 4*b - n. What is the units digit of b?
5
Let m(a) = -a**3 + 19*a**2 - 31*a - 35. What is the tens digit of m(14)?
1
What is the tens digit of -3 - -414 - (-3 + 5 + -1)?
1
Let k be (0 - -271)/((-8)/(-16)). Suppose 3*u + 177 = 4*h - 258, -5*h = -2*u - k. Suppose h = 4*m - 84. What is the units digit of m?
8
Let n(k) = -3*k**2 - 48. Let j(l) = l**2 + l - 1. Let m(o) = -j(o) - n(o). What is the units digit of m(0)?
9
What is the hundreds digit of (-4 + -24)/(34/(-2533))?
0
Let g = -73 - -80. Let s = 63 - 38. Suppose g*y + s = 8*y. What is the units digit of y?
5
Suppose 64*b - 59*b - 15520 = 0. What is the tens digit of b?
0
Let s be 0*(-5 - (-1)/(12/56)). Let u(x) = -7*x**3 - 2*x**2 - x. Let p be u(-1). Suppose -h + 4*h - p = s. What is the units digit of h?
2
Suppose 0 = -2*w - 2*w + 8. Suppose 4*i + a - 9 = 0, 2*i - i = 4*a - w. Suppose i*j = -3*r + 24, 4*r + 3*j = 20 + 12. What is the units digit of r?
8
Let c(t) = -48*t**2 - 3*t + 1. Let y be c(-1). What is the units digit of 7 - (-11)/(y/8)?
5
Let n(d) = 49*d**2 - 14*d - 204. What is the hundreds digit of n(-8)?
0
Let j(r) = 9*r**3 - 4*r - 1. Let s be j(-1). Suppose 2*k - 13 = 3. What is the tens digit of (s/k)/((-6)/312)?
3
Let j(c) = c**3 - 11 - 8*c**2 - 9*c**2 + 3*c**2 + 17*c. Let r be j(13). Let n = r + -4. What is the tens digit of n?
3
Let u = 69 - 42. Suppose 2*t - 38 = s + u, -3*t = 2*s - 108. What is the tens digit of t?
3
Let d(q) = 3*q**2 + 29*q + 4. Let l be d(-14). Suppose -4*m = -7*m + l. What is the units digit of m?
2
What is the tens digit of (-13 - -5) + 12 + 736 + -1?
3
Let n(f) = -3*f + 29. Let m be n(0). Let z = 166 - m. What is the hundreds digit of z?
1
Suppose 0 = -5*f + 2*f - k + 14, -5*k = -5*f + 30. Let g(n) = n - 3. Let a be g(f). Let j = 9 + a. What is the tens digit of j?
1
Let x(m) = 2*m**2 - m + 10. What is the units digit of x(5)?
5
Suppose 5*z + 12 = 22. Suppose -4*g + 192 = 5*d, -g - z*d + 47 = -4. What is the units digit of g?
3
Let j be (3 - 5)/((-2)/(-299)). Let u = 426 + j. Suppose -2*h - 45 = -u. What is the units digit of h?
1
Let t = -952 + 2182. What is the thousands digit of t?
1
Suppose 8*b = 6*b - 34. Let n = -13 - b. What is the units digit of n?
4
Let d(j) = -j**2 - 56*j + 222. What is the units digit of d(-41)?
7
Let j(a) = a**3 + 8*a**2 + 7*a + 6. Let z be j(-7). Suppose 0 = 4*i + 5*d - 248, -3*i + 3*d = z*d - 183. What is the tens digit of i?
5
Let b(d) = -2*d**3 + 11*d**2 - 5*d + 4. Let s be b(5). Suppose 0*w = -2*w + m + 91, s*w = 3*m + 185. What is the tens digit of w?
4
Suppose -5*k - 4 = -29. Suppose k*a - 2*f - 697 = 0, 0 = -2*a - a + 3*f + 411. Suppose -o = -4*o + v + a, -45 = -o + v. What is the tens digit of o?
4
Let q be -4*(-2*1)/((-28)/(-833)). Suppose -k + q = k. What is the tens digit of k?
1
Let q be 40/(-12)*(-3)/(-2). Let k = q + 29. Suppose 2*s + s - k = -3*h, 0 = 4*h + 3*s - 27. What is the units digit of h?
3
Let k(x) = 4*x**2 - 2*x + 564. What is the units digit of k(0)?
4
Let z(a) = -a + 20. Let y be z(7). Suppose 0 = g + 4*g + 50. Let n = g + y. What is the units digit of n?
3
Suppose -19*w = -16*w + 264. Let i = w + 147. What is the units digit of i?
9
Suppose 5*c - 2 = -3*v, -6 = -4*v - 2*c + 6. Suppose 4*u + 692 = v*w, 4*w - 3*u - 724 = -7*u. What is the tens digit of w?
7
Let z = 55 - 51. Suppose -5*v = -z*y - 125 - 408, 121 = v + 4*y. What is the hundreds digit of v?
1
Let k be ((-8)/(-9))/(-4) - (-60)/27. What is the hundreds digit of ((-369)/18)/(k/(-12))*1?
1
Suppose -221 - 20 = -4*w + 3*y, -w - 4*y + 84 = 0. What is the tens digit of w?
6
Let x = -10 + 213. Let i = -78 + x. What is the hundreds digit of i?
1
Let y = -9 - -25. Suppose -3*l - 10 = -3*v - 31, -v + 5*l = -1. Let a = v + y. What is the units digit of a?
7
Let k(n) = n**3 - 38*n**2 + 8*n + 9. What is the units digit of k(38)?
3
Let u be (-32)/6*(-3)/(-2). Let p(w) = 16*w - 23. Let y be p(3). Let r = u + y. What is the units digit of r?
7
Suppose -3*a - k + 0*k + 19 = 0, -3*a = 5*k - 11. Suppose -r = -m - a, -1 = r + m + 2. Let q = r + 3. What is the units digit of q?
5
Let u(s) = 2 + 12*s**2 + s**3 + 4 - 11 + 6*s. Let p be u(-11). Suppose p = 5*i + 4*x - 37, 4*i - 45 = 5*x. What is the tens digit of i?
1
Suppose -28 - 70 = -7*p. What is the units digit of p?
4
Let b(q) = -16*q + 6. Suppose 0*l - 4*t = 2*l + 10, 5*l + 2*t = -9. What is the units digit of b(l)?
2
Let y = -2832 - -7680. What is the tens digit of y?
4
Suppose j - 3896 = -35. What is the hundreds digit of j?
8
Let i be (-7)/(-21) + (6112/(-12))/(-8). Suppose 0 = 5*r + 260 - 745. Let l = r - i. What is the tens digit of l?
3
Let m be (1*-3)/(13/(-13)). Let j = m - -2. What is the units digit of j?
5
What is the units digit of (-567)/81 - 9*-173?
0
Suppose -146 = -2*m - 86. What is the tens digit of m?
3
Let p(d) = 1. Suppose -6*o + o + 35 = -5*a, -3*a - 14 = 4*o. Let n(z) = z + 22. Let i(r) = a*p(r) + n(r). What is the tens digit of i(9)?
2
Suppose -2*r = r - 2*y - 4, 8 = 5*r - 4*y. Suppose l + 3 + r = 0, 0 = t + 3*l + 18. What is the tens digit of 2/t - (-492)/27?
1
Let l(x) = 16*x**2 + 77*x - 845. What is the hundreds digit of l(13)?
8
What is the tens digit of (-1 - -4)*4/84*8071?
5
Let d(h) = 7*h - 25. Suppose 0 = -s - 4*s - 3*t + 29, 5*t + 10 = 0. What is the tens digit of d(s)?
2
Let p = 94 - 156. Let u = -32 - p. What is the tens digit of u?
3
What is the units digit of (-38810)/(-18) + (-90)/81?
5
Suppose 4*g = -5*q - 25, g + 2*q + 2*q = -20. Suppose g = j - 2. Suppose -r = -j*a + 43, -5 - 12 = -a + 5*r. What is the units digit of a?
2
Suppose 0 = -3*d + 10 - 4. Suppose 0 = -4*g + 6 + d. Suppose 0 = g*f - 108. What is the tens digit of f?
5
Suppose 2*c + 28 = 3*d - 7*d, -c - 3*d = 16. Suppose -28*f + 24*f = 4, 2*o + 3*f = -29. Let l = c - o. What is the units digit of l?
3
Suppose -15*h + 3*r + 675 = -14*h, -2*h + 1342 = -2*r. What is the hundreds digit of h?
6
Let n be (4 + (-52)/8)*-2. What is the hundreds digit of (16 - (0 + 2))*(n - -3)?
1
Suppose -x + 4 = 5*p - 25, 3*p = -x + 23. Let v = x - -13. What is the tens digit of v?
2
Let o(k) = -k**3 + 30*k**2 - 24*k + 139. What is the units digit of o(27)?
8
Suppose 9*q - 9358 = 1793. What is the hundreds digit of q?
2
Suppose -2518 = -4*u - 2*p, -2420 = -3*u - 4*p - 519. What is the hundreds digit of u?
6
Suppose 2*y + 63 = 191. Suppose -2*r - 4*j + y = 0, 21 + 117 = 5*r - j. What is the tens digit of r?
2
Suppose 0*s - 19 = -s. Suppose 6 = 5*u - s. What is the units digit of ((-2)/u)/((-2)/110)?
2
Suppose 3553 = -33*t + 10945. What is the hundreds digit of t?
2
Suppose 0 = -4*m + 5*t, -5*t - 6 + 31 = m. What is the units digit of (-2)/m - (-804)/10 - -2?
2
Let f(v) = 2*v**2 - 20*v + 73. What is the units digit of f(15)?
3
Let r(n) = n**3 - 2*n**2 + 1. Let t be r(3). Suppose 552 = t*v - 7*v. What is the tens digit of v?
8
Suppose 104125 = 27*m + 58*m. What is the units digit of m?
5
Suppose 1831 - 41 = 10*q. Suppose 5*h = -2*y + 293, -2*y + q = 3*h - 0*y. What is the tens digit of h?
5
Suppose 0 = -18*l + 19*l - 952. What is the hundreds digit of l?
9
Suppose 3*t = -0*t + 9. Suppose -f + 112 = t*f. Suppose -p - f = 3*z - 72, -3*z + 56 = -2*p. What is the tens digit of z?
1
Let a(n) = -9*n + 141. What is the hundreds digit of a(0)?
1
Suppose 0 = -12*k + 16*k + 16. What is the units digit of 605/10 - 6/k?
2
Let k(a) = -6*a**3 + 3*a**2 + 6*a + 1. What is the hundreds digit of k(-5)?
7
Suppose -12 = 2*x + 2*h, -1 = -3*x + 4*h + 2. Let y be 3/(x + (-57)/(-18)). What is the units digit of (-16)/(-12)*y/4?
6
Suppose 20 = -3*q - 2*q. What is